{"id":853,"date":"2014-05-18T23:22:34","date_gmt":"2014-05-18T23:22:34","guid":{"rendered":"http:\/\/localhost:8888\/?post_type=portfolio&#038;p=853"},"modified":"2014-10-06T02:28:14","modified_gmt":"2014-10-06T02:28:14","slug":"la-dona-carmen","status":"publish","type":"portfolio","link":"https:\/\/www.eliasperkis.com\/design\/en\/portafolio\/la-dona-carmen\/","title":{"rendered":"La Do\u00f1a Carmen"},"content":{"rendered":"\n\t\t<style type=\"text\/css\">\n\t\t\t#gallery-1 {\n\t\t\t\tmargin: auto;\n\t\t\t}\n\t\t\t#gallery-1 .gallery-item {\n\t\t\t\tfloat: left;\n\t\t\t\tmargin-top: 10px;\n\t\t\t\ttext-align: center;\n\t\t\t\twidth: 33%;\n\t\t\t}\n\t\t\t#gallery-1 img {\n\t\t\t\tborder: 2px solid #cfcfcf;\n\t\t\t}\n\t\t\t#gallery-1 .gallery-caption {\n\t\t\t\tmargin-left: 0;\n\t\t\t}\n\t\t\t\/* see gallery_shortcode() in wp-includes\/media.php *\/\n\t\t<\/style>\n\t\t<div id='gallery-1' class='gallery galleryid-853 gallery-columns-3 gallery-size-thumbnail'><dl class='gallery-item'>\n\t\t\t<dt class='gallery-icon landscape'>\n\t\t\t\t<a href='https:\/\/www.eliasperkis.com\/design\/wp-content\/uploads\/2014\/05\/LaDonaCarmen_web_01.jpg' rel='shadowbox[sbalbum-853];player=img;'><noscript><img loading=\"lazy\" decoding=\"async\" width=\"150\" height=\"150\" data-skip-lazy src=\"https:\/\/www.eliasperkis.com\/design\/wp-content\/uploads\/2014\/05\/LaDonaCarmen_web_01-150x150.jpg\" class=\"attachment-thumbnail size-thumbnail\" alt=\"\" aria-describedby=\"gallery-1-1155\" \/><\/noscript><img loading=\"eager\" decoding=\"async\" width=\"150\" height=\"150\" src=\"data:image\/svg+xml;base64,PHN2ZyB3aWR0aD0iMTUwIiBoZWlnaHQ9IjE1MCIgdmlld0JveD0iMCAwIDE1MCAxNTAiIGZpbGw9Im5vbmUiIHhtbG5zPSJodHRwOi8vd3d3LnczLm9yZy8yMDAwL3N2ZyI+PC9zdmc+\" class=\"attachment-thumbnail size-thumbnail vp-lazyload\" alt aria-describedby=\"gallery-1-1155\" data-src=\"https:\/\/www.eliasperkis.com\/design\/wp-content\/uploads\/2014\/05\/LaDonaCarmen_web_01-150x150.jpg\" data-sizes=\"auto\"><\/a>\n\t\t\t<\/dt>\n\t\t\t\t<dd class='wp-caption-text gallery-caption' id='gallery-1-1155'>\n\t\t\t\tLa Do\u00f1a Carmen &#8211; pana amasado &#038; empanadas \/\/ Concepto, Creaci\u00f3n de Logo, #Dise\u00f1o Gr\u00e1fico, Identidad Visual, Publicidad, WebDesign \/\/ La Serena,CHILE www.ladonacarmen.cl\ufeff\n\t\t\t\t<\/dd><\/dl><dl class='gallery-item'>\n\t\t\t<dt class='gallery-icon landscape'>\n\t\t\t\t<a href='https:\/\/www.eliasperkis.com\/design\/wp-content\/uploads\/2014\/05\/LaDonaCarmen_web_03.jpg' rel='shadowbox[sbalbum-853];player=img;'><noscript><img loading=\"lazy\" decoding=\"async\" width=\"150\" height=\"150\" data-skip-lazy src=\"https:\/\/www.eliasperkis.com\/design\/wp-content\/uploads\/2014\/05\/LaDonaCarmen_web_03-150x150.jpg\" class=\"attachment-thumbnail size-thumbnail\" alt=\"\" aria-describedby=\"gallery-1-1156\" \/><\/noscript><img loading=\"eager\" decoding=\"async\" width=\"150\" height=\"150\" src=\"data:image\/svg+xml;base64,PHN2ZyB3aWR0aD0iMTUwIiBoZWlnaHQ9IjE1MCIgdmlld0JveD0iMCAwIDE1MCAxNTAiIGZpbGw9Im5vbmUiIHhtbG5zPSJodHRwOi8vd3d3LnczLm9yZy8yMDAwL3N2ZyI+PC9zdmc+\" class=\"attachment-thumbnail size-thumbnail vp-lazyload\" alt aria-describedby=\"gallery-1-1156\" data-src=\"https:\/\/www.eliasperkis.com\/design\/wp-content\/uploads\/2014\/05\/LaDonaCarmen_web_03-150x150.jpg\" data-sizes=\"auto\"><\/a>\n\t\t\t<\/dt>\n\t\t\t\t<dd class='wp-caption-text gallery-caption' id='gallery-1-1156'>\n\t\t\t\tLa Do\u00f1a Carmen &#8211; pana amasado &#038; empanadas \u2014 Concepto, Creaci\u00f3n de Logo, #Dise\u00f1o Gr\u00e1fico, Identidad Visual, Publicidad, #WebDesign \u2014 La Serena,CHILE www.ladonacarmen.cl\ufeff\n\t\t\t\t<\/dd><\/dl><dl class='gallery-item'>\n\t\t\t<dt class='gallery-icon landscape'>\n\t\t\t\t<a href='https:\/\/www.eliasperkis.com\/design\/wp-content\/uploads\/2014\/05\/LaDonaCarmen_web_04.jpg' rel='shadowbox[sbalbum-853];player=img;'><noscript><img loading=\"lazy\" decoding=\"async\" width=\"150\" height=\"150\" data-skip-lazy src=\"https:\/\/www.eliasperkis.com\/design\/wp-content\/uploads\/2014\/05\/LaDonaCarmen_web_04-150x150.jpg\" class=\"attachment-thumbnail size-thumbnail\" alt=\"\" aria-describedby=\"gallery-1-1157\" \/><\/noscript><img loading=\"eager\" decoding=\"async\" width=\"150\" height=\"150\" src=\"data:image\/svg+xml;base64,PHN2ZyB3aWR0aD0iMTUwIiBoZWlnaHQ9IjE1MCIgdmlld0JveD0iMCAwIDE1MCAxNTAiIGZpbGw9Im5vbmUiIHhtbG5zPSJodHRwOi8vd3d3LnczLm9yZy8yMDAwL3N2ZyI+PC9zdmc+\" class=\"attachment-thumbnail size-thumbnail vp-lazyload\" alt aria-describedby=\"gallery-1-1157\" data-src=\"https:\/\/www.eliasperkis.com\/design\/wp-content\/uploads\/2014\/05\/LaDonaCarmen_web_04-150x150.jpg\" data-sizes=\"auto\"><\/a>\n\t\t\t<\/dt>\n\t\t\t\t<dd class='wp-caption-text gallery-caption' id='gallery-1-1157'>\n\t\t\t\tLa Do\u00f1a Carmen &#8211; pana amasado &#038; empanadas \u2014 Concepto, Creaci\u00f3n de Logo, #Dise\u00f1o Gr\u00e1fico, Identidad Visual, Publicidad, #WebDesign \u2014 La Serena,CHILE www.ladonacarmen.cl\ufeff\n\t\t\t\t<\/dd><\/dl><br style=\"clear: both\" \/><dl class='gallery-item'>\n\t\t\t<dt class='gallery-icon landscape'>\n\t\t\t\t<a href='https:\/\/www.eliasperkis.com\/design\/wp-content\/uploads\/2014\/05\/LaDonaCarmen_web_05.jpg' rel='shadowbox[sbalbum-853];player=img;'><noscript><img loading=\"lazy\" decoding=\"async\" width=\"150\" height=\"150\" data-skip-lazy src=\"https:\/\/www.eliasperkis.com\/design\/wp-content\/uploads\/2014\/05\/LaDonaCarmen_web_05-150x150.jpg\" class=\"attachment-thumbnail size-thumbnail\" alt=\"\" aria-describedby=\"gallery-1-1158\" \/><\/noscript><img loading=\"eager\" decoding=\"async\" width=\"150\" height=\"150\" src=\"data:image\/svg+xml;base64,PHN2ZyB3aWR0aD0iMTUwIiBoZWlnaHQ9IjE1MCIgdmlld0JveD0iMCAwIDE1MCAxNTAiIGZpbGw9Im5vbmUiIHhtbG5zPSJodHRwOi8vd3d3LnczLm9yZy8yMDAwL3N2ZyI+PC9zdmc+\" class=\"attachment-thumbnail size-thumbnail vp-lazyload\" alt aria-describedby=\"gallery-1-1158\" data-src=\"https:\/\/www.eliasperkis.com\/design\/wp-content\/uploads\/2014\/05\/LaDonaCarmen_web_05-150x150.jpg\" data-sizes=\"auto\"><\/a>\n\t\t\t<\/dt>\n\t\t\t\t<dd class='wp-caption-text gallery-caption' id='gallery-1-1158'>\n\t\t\t\tLa Do\u00f1a Carmen &#8211; pana amasado &#038; empanadas \u2014 Concepto, Creaci\u00f3n de Logo, #Dise\u00f1o Gr\u00e1fico, Identidad Visual, Publicidad, #WebDesign \u2014 La Serena,CHILE www.ladonacarmen.cl\ufeff\n\t\t\t\t<\/dd><\/dl><dl class='gallery-item'>\n\t\t\t<dt class='gallery-icon landscape'>\n\t\t\t\t<a href='https:\/\/www.eliasperkis.com\/design\/wp-content\/uploads\/2014\/05\/LaDonaCarmen_web_06.jpg' rel='shadowbox[sbalbum-853];player=img;'><noscript><img loading=\"lazy\" decoding=\"async\" width=\"150\" height=\"150\" data-skip-lazy src=\"https:\/\/www.eliasperkis.com\/design\/wp-content\/uploads\/2014\/05\/LaDonaCarmen_web_06-150x150.jpg\" class=\"attachment-thumbnail size-thumbnail\" alt=\"\" aria-describedby=\"gallery-1-1159\" \/><\/noscript><img loading=\"eager\" decoding=\"async\" width=\"150\" height=\"150\" src=\"data:image\/svg+xml;base64,PHN2ZyB3aWR0aD0iMTUwIiBoZWlnaHQ9IjE1MCIgdmlld0JveD0iMCAwIDE1MCAxNTAiIGZpbGw9Im5vbmUiIHhtbG5zPSJodHRwOi8vd3d3LnczLm9yZy8yMDAwL3N2ZyI+PC9zdmc+\" class=\"attachment-thumbnail size-thumbnail vp-lazyload\" alt aria-describedby=\"gallery-1-1159\" data-src=\"https:\/\/www.eliasperkis.com\/design\/wp-content\/uploads\/2014\/05\/LaDonaCarmen_web_06-150x150.jpg\" data-sizes=\"auto\"><\/a>\n\t\t\t<\/dt>\n\t\t\t\t<dd class='wp-caption-text gallery-caption' id='gallery-1-1159'>\n\t\t\t\tLa Do\u00f1a Carmen &#8211; pana amasado &#038; empanadas \u2014 Concepto, Creaci\u00f3n de Logo, #Dise\u00f1o Gr\u00e1fico, Identidad Visual, Publicidad, #WebDesign \u2014 La Serena,CHILE www.ladonacarmen.cl\ufeff\n\t\t\t\t<\/dd><\/dl><dl class='gallery-item'>\n\t\t\t<dt class='gallery-icon landscape'>\n\t\t\t\t<a href='https:\/\/www.eliasperkis.com\/design\/wp-content\/uploads\/2014\/05\/LaDonaCarmen_web_07.jpg' rel='shadowbox[sbalbum-853];player=img;'><noscript><img loading=\"lazy\" decoding=\"async\" width=\"150\" height=\"150\" data-skip-lazy src=\"https:\/\/www.eliasperkis.com\/design\/wp-content\/uploads\/2014\/05\/LaDonaCarmen_web_07-150x150.jpg\" class=\"attachment-thumbnail size-thumbnail\" alt=\"\" \/><\/noscript><img loading=\"eager\" decoding=\"async\" width=\"150\" height=\"150\" src=\"data:image\/svg+xml;base64,PHN2ZyB3aWR0aD0iMTUwIiBoZWlnaHQ9IjE1MCIgdmlld0JveD0iMCAwIDE1MCAxNTAiIGZpbGw9Im5vbmUiIHhtbG5zPSJodHRwOi8vd3d3LnczLm9yZy8yMDAwL3N2ZyI+PC9zdmc+\" class=\"attachment-thumbnail size-thumbnail vp-lazyload\" alt data-src=\"https:\/\/www.eliasperkis.com\/design\/wp-content\/uploads\/2014\/05\/LaDonaCarmen_web_07-150x150.jpg\" data-sizes=\"auto\"><\/a>\n\t\t\t<\/dt><\/dl><br style=\"clear: both\" \/><dl class='gallery-item'>\n\t\t\t<dt class='gallery-icon landscape'>\n\t\t\t\t<a href='https:\/\/www.eliasperkis.com\/design\/wp-content\/uploads\/2014\/05\/LaDonaCarmen_web_08.jpg' rel='shadowbox[sbalbum-853];player=img;'><noscript><img loading=\"lazy\" decoding=\"async\" width=\"150\" height=\"150\" data-skip-lazy src=\"https:\/\/www.eliasperkis.com\/design\/wp-content\/uploads\/2014\/05\/LaDonaCarmen_web_08-150x150.jpg\" class=\"attachment-thumbnail size-thumbnail\" alt=\"\" aria-describedby=\"gallery-1-1161\" \/><\/noscript><img loading=\"eager\" decoding=\"async\" width=\"150\" height=\"150\" src=\"data:image\/svg+xml;base64,PHN2ZyB3aWR0aD0iMTUwIiBoZWlnaHQ9IjE1MCIgdmlld0JveD0iMCAwIDE1MCAxNTAiIGZpbGw9Im5vbmUiIHhtbG5zPSJodHRwOi8vd3d3LnczLm9yZy8yMDAwL3N2ZyI+PC9zdmc+\" class=\"attachment-thumbnail size-thumbnail vp-lazyload\" alt aria-describedby=\"gallery-1-1161\" data-src=\"https:\/\/www.eliasperkis.com\/design\/wp-content\/uploads\/2014\/05\/LaDonaCarmen_web_08-150x150.jpg\" data-sizes=\"auto\"><\/a>\n\t\t\t<\/dt>\n\t\t\t\t<dd class='wp-caption-text gallery-caption' id='gallery-1-1161'>\n\t\t\t\tLa Do\u00f1a Carmen &#8211; pana amasado &#038; empanadas \u2014 Concepto, Creaci\u00f3n de Logo, #Dise\u00f1o Gr\u00e1fico, Identidad Visual, Publicidad, #WebDesign \u2014 La Serena,CHILE www.ladonacarmen.cl\ufeff\n\t\t\t\t<\/dd><\/dl>\n\t\t\t<br style='clear: both' \/>\n\t\t<\/div>\n\n","protected":false},"excerpt":{"rendered":"","protected":false},"author":1,"featured_media":1156,"menu_order":0,"comment_status":"open","ping_status":"open","template":"","format":"standard","meta":{"_vp_format_video_url":"","_vp_image_focal_point":[],"footnotes":""},"portfolio_category":[28,30,32,38],"portfolio_tag":[],"class_list":["post-853","portfolio","type-portfolio","status-publish","format-standard","has-post-thumbnail","hentry","portfolio_category-branding","portfolio_category-chile","portfolio_category-graphic-design","portfolio_category-web-design-en"],"aioseo_notices":[],"_links":{"self":[{"href":"https:\/\/www.eliasperkis.com\/design\/wp-json\/wp\/v2\/portfolio\/853","targetHints":{"allow":["GET"]}}],"collection":[{"href":"https:\/\/www.eliasperkis.com\/design\/wp-json\/wp\/v2\/portfolio"}],"about":[{"href":"https:\/\/www.eliasperkis.com\/design\/wp-json\/wp\/v2\/types\/portfolio"}],"author":[{"embeddable":true,"href":"https:\/\/www.eliasperkis.com\/design\/wp-json\/wp\/v2\/users\/1"}],"replies":[{"embeddable":true,"href":"https:\/\/www.eliasperkis.com\/design\/wp-json\/wp\/v2\/comments?post=853"}],"version-history":[{"count":1,"href":"https:\/\/www.eliasperkis.com\/design\/wp-json\/wp\/v2\/portfolio\/853\/revisions"}],"predecessor-version":[{"id":2300,"href":"https:\/\/www.eliasperkis.com\/design\/wp-json\/wp\/v2\/portfolio\/853\/revisions\/2300"}],"wp:featuredmedia":[{"embeddable":true,"href":"https:\/\/www.eliasperkis.com\/design\/wp-json\/wp\/v2\/media\/1156"}],"wp:attachment":[{"href":"https:\/\/www.eliasperkis.com\/design\/wp-json\/wp\/v2\/media?parent=853"}],"wp:term":[{"taxonomy":"portfolio_category","embeddable":true,"href":"https:\/\/www.eliasperkis.com\/design\/wp-json\/wp\/v2\/portfolio_category?post=853"},{"taxonomy":"portfolio_tag","embeddable":true,"href":"https:\/\/www.eliasperkis.com\/design\/wp-json\/wp\/v2\/portfolio_tag?post=853"}],"curies":[{"name":"wp","href":"https:\/\/api.w.org\/{rel}","templated":true}]}}

La Doña Carmen

<style type="text/css">
			#gallery-1 {
				margin: auto;
			}
			#gallery-1 .gallery-item {
				float: left;
				margin-top: 10px;
				text-align: center;
				width: 33%;
			}
			#gallery-1 img {
				border: 2px solid #cfcfcf;
			}
			#gallery-1 .gallery-caption {
				margin-left: 0;
			}
			/* see gallery_shortcode() in wp-includes/media.php */
		</style>
		<div id='gallery-1' class='gallery galleryid-853 gallery-columns-3 gallery-size-thumbnail'><dl class='gallery-item'>
			<dt class='gallery-icon landscape'>
				<a href='https://www.eliasperkis.com/design/wp-content/uploads/2014/05/LaDonaCarmen_web_01.jpg' rel='shadowbox[sbalbum-853];player=img;'><noscript><img loading="lazy" decoding="async" width="150" height="150" data-skip-lazy src="https://www.eliasperkis.com/design/wp-content/uploads/2014/05/LaDonaCarmen_web_01-150x150.jpg" class="attachment-thumbnail size-thumbnail" alt="" aria-describedby="gallery-1-1155" /></noscript><img loading="eager" decoding="async" width="150" height="150" src="data:image/svg+xml;base64,PHN2ZyB3aWR0aD0iMTUwIiBoZWlnaHQ9IjE1MCIgdmlld0JveD0iMCAwIDE1MCAxNTAiIGZpbGw9Im5vbmUiIHhtbG5zPSJodHRwOi8vd3d3LnczLm9yZy8yMDAwL3N2ZyI+PC9zdmc+" class="attachment-thumbnail size-thumbnail vp-lazyload" alt aria-describedby="gallery-1-1155" data-src="https://www.eliasperkis.com/design/wp-content/uploads/2014/05/LaDonaCarmen_web_01-150x150.jpg" data-sizes="auto"></a>
			</dt>
				<dd class='wp-caption-text gallery-caption' id='gallery-1-1155'>
				La Doña Carmen &#8211; pana amasado &#038; empanadas // Concepto, Creación de Logo, #Diseño Gráfico, Identidad Visual, Publicidad, WebDesign // La Serena,CHILE www.ladonacarmen.cl﻿
				</dd></dl><dl class='gallery-item'>
			<dt class='gallery-icon landscape'>
				<a href='https://www.eliasperkis.com/design/wp-content/uploads/2014/05/LaDonaCarmen_web_03.jpg' rel='shadowbox[sbalbum-853];player=img;'><noscript><img loading="lazy" decoding="async" width="150" height="150" data-skip-lazy src="https://www.eliasperkis.com/design/wp-content/uploads/2014/05/LaDonaCarmen_web_03-150x150.jpg" class="attachment-thumbnail size-thumbnail" alt="" aria-describedby="gallery-1-1156" /></noscript><img loading="eager" decoding="async" width="150" height="150" src="data:image/svg+xml;base64,PHN2ZyB3aWR0aD0iMTUwIiBoZWlnaHQ9IjE1MCIgdmlld0JveD0iMCAwIDE1MCAxNTAiIGZpbGw9Im5vbmUiIHhtbG5zPSJodHRwOi8vd3d3LnczLm9yZy8yMDAwL3N2ZyI+PC9zdmc+" class="attachment-thumbnail size-thumbnail vp-lazyload" alt aria-describedby="gallery-1-1156" data-src="https://www.eliasperkis.com/design/wp-content/uploads/2014/05/LaDonaCarmen_web_03-150x150.jpg" data-sizes="auto"></a>
			</dt>
				<dd class='wp-caption-text gallery-caption' id='gallery-1-1156'>
				La Doña Carmen &#8211; pana amasado &#038; empanadas — Concepto, Creación de Logo, #Diseño Gráfico, Identidad Visual, Publicidad, #WebDesign — La Serena,CHILE www.ladonacarmen.cl﻿
				</dd></dl><dl class='gallery-item'>
			<dt class='gallery-icon landscape'>
				<a href='https://www.eliasperkis.com/design/wp-content/uploads/2014/05/LaDonaCarmen_web_04.jpg' rel='shadowbox[sbalbum-853];player=img;'><noscript><img loading="lazy" decoding="async" width="150" height="150" data-skip-lazy src="https://www.eliasperkis.com/design/wp-content/uploads/2014/05/LaDonaCarmen_web_04-150x150.jpg" class="attachment-thumbnail size-thumbnail" alt="" aria-describedby="gallery-1-1157" /></noscript><img loading="eager" decoding="async" width="150" height="150" src="data:image/svg+xml;base64,PHN2ZyB3aWR0aD0iMTUwIiBoZWlnaHQ9IjE1MCIgdmlld0JveD0iMCAwIDE1MCAxNTAiIGZpbGw9Im5vbmUiIHhtbG5zPSJodHRwOi8vd3d3LnczLm9yZy8yMDAwL3N2ZyI+PC9zdmc+" class="attachment-thumbnail size-thumbnail vp-lazyload" alt aria-describedby="gallery-1-1157" data-src="https://www.eliasperkis.com/design/wp-content/uploads/2014/05/LaDonaCarmen_web_04-150x150.jpg" data-sizes="auto"></a>
			</dt>
				<dd class='wp-caption-text gallery-caption' id='gallery-1-1157'>
				La Doña Carmen &#8211; pana amasado &#038; empanadas — Concepto, Creación de Logo, #Diseño Gráfico, Identidad Visual, Publicidad, #WebDesign — La Serena,CHILE www.ladonacarmen.cl﻿
				</dd></dl><br style="clear: both" /><dl class='gallery-item'>
			<dt class='gallery-icon landscape'>
				<a href='https://www.eliasperkis.com/design/wp-content/uploads/2014/05/LaDonaCarmen_web_05.jpg' rel='shadowbox[sbalbum-853];player=img;'><noscript><img loading="lazy" decoding="async" width="150" height="150" data-skip-lazy src="https://www.eliasperkis.com/design/wp-content/uploads/2014/05/LaDonaCarmen_web_05-150x150.jpg" class="attachment-thumbnail size-thumbnail" alt="" aria-describedby="gallery-1-1158" /></noscript><img loading="eager" decoding="async" width="150" height="150" src="data:image/svg+xml;base64,PHN2ZyB3aWR0aD0iMTUwIiBoZWlnaHQ9IjE1MCIgdmlld0JveD0iMCAwIDE1MCAxNTAiIGZpbGw9Im5vbmUiIHhtbG5zPSJodHRwOi8vd3d3LnczLm9yZy8yMDAwL3N2ZyI+PC9zdmc+" class="attachment-thumbnail size-thumbnail vp-lazyload" alt aria-describedby="gallery-1-1158" data-src="https://www.eliasperkis.com/design/wp-content/uploads/2014/05/LaDonaCarmen_web_05-150x150.jpg" data-sizes="auto"></a>
			</dt>
				<dd class='wp-caption-text gallery-caption' id='gallery-1-1158'>
				La Doña Carmen &#8211; pana amasado &#038; empanadas — Concepto, Creación de Logo, #Diseño Gráfico, Identidad Visual, Publicidad, #WebDesign — La Serena,CHILE www.ladonacarmen.cl﻿
				</dd></dl><dl class='gallery-item'>
			<dt class='gallery-icon landscape'>
				<a href='https://www.eliasperkis.com/design/wp-content/uploads/2014/05/LaDonaCarmen_web_06.jpg' rel='shadowbox[sbalbum-853];player=img;'><noscript><img loading="lazy" decoding="async" width="150" height="150" data-skip-lazy src="https://www.eliasperkis.com/design/wp-content/uploads/2014/05/LaDonaCarmen_web_06-150x150.jpg" class="attachment-thumbnail size-thumbnail" alt="" aria-describedby="gallery-1-1159" /></noscript><img loading="eager" decoding="async" width="150" height="150" src="data:image/svg+xml;base64,PHN2ZyB3aWR0aD0iMTUwIiBoZWlnaHQ9IjE1MCIgdmlld0JveD0iMCAwIDE1MCAxNTAiIGZpbGw9Im5vbmUiIHhtbG5zPSJodHRwOi8vd3d3LnczLm9yZy8yMDAwL3N2ZyI+PC9zdmc+" class="attachment-thumbnail size-thumbnail vp-lazyload" alt aria-describedby="gallery-1-1159" data-src="https://www.eliasperkis.com/design/wp-content/uploads/2014/05/LaDonaCarmen_web_06-150x150.jpg" data-sizes="auto"></a>
			</dt>
				<dd class='wp-caption-text gallery-caption' id='gallery-1-1159'>
				La Doña Carmen &#8211; pana amasado &#038; empanadas — Concepto, Creación de Logo, #Diseño Gráfico, Identidad Visual, Publicidad, #WebDesign — La Serena,CHILE www.ladonacarmen.cl﻿
				</dd></dl><dl class='gallery-item'>
			<dt class='gallery-icon landscape'>
				<a href='https://www.eliasperkis.com/design/wp-content/uploads/2014/05/LaDonaCarmen_web_07.jpg' rel='shadowbox[sbalbum-853];player=img;'><noscript><img loading="lazy" decoding="async" width="150" height="150" data-skip-lazy src="https://www.eliasperkis.com/design/wp-content/uploads/2014/05/LaDonaCarmen_web_07-150x150.jpg" class="attachment-thumbnail size-thumbnail" alt="" /></noscript><img loading="eager" decoding="async" width="150" height="150" src="data:image/svg+xml;base64,PHN2ZyB3aWR0aD0iMTUwIiBoZWlnaHQ9IjE1MCIgdmlld0JveD0iMCAwIDE1MCAxNTAiIGZpbGw9Im5vbmUiIHhtbG5zPSJodHRwOi8vd3d3LnczLm9yZy8yMDAwL3N2ZyI+PC9zdmc+" class="attachment-thumbnail size-thumbnail vp-lazyload" alt data-src="https://www.eliasperkis.com/design/wp-content/uploads/2014/05/LaDonaCarmen_web_07-150x150.jpg" data-sizes="auto"></a>
			</dt></dl><br style="clear: both" /><dl class='gallery-item'>
			<dt class='gallery-icon landscape'>
				<a href='https://www.eliasperkis.com/design/wp-content/uploads/2014/05/LaDonaCarmen_web_08.jpg' rel='shadowbox[sbalbum-853];player=img;'><noscript><img loading="lazy" decoding="async" width="150" height="150" data-skip-lazy src="https://www.eliasperkis.com/design/wp-content/uploads/2014/05/LaDonaCarmen_web_08-150x150.jpg" class="attachment-thumbnail size-thumbnail" alt="" aria-describedby="gallery-1-1161" /></noscript><img loading="eager" decoding="async" width="150" height="150" src="data:image/svg+xml;base64,PHN2ZyB3aWR0aD0iMTUwIiBoZWlnaHQ9IjE1MCIgdmlld0JveD0iMCAwIDE1MCAxNTAiIGZpbGw9Im5vbmUiIHhtbG5zPSJodHRwOi8vd3d3LnczLm9yZy8yMDAwL3N2ZyI+PC9zdmc+" class="attachment-thumbnail size-thumbnail vp-lazyload" alt aria-describedby="gallery-1-1161" data-src="https://www.eliasperkis.com/design/wp-content/uploads/2014/05/LaDonaCarmen_web_08-150x150.jpg" data-sizes="auto"></a>
			</dt>
				<dd class='wp-caption-text gallery-caption' id='gallery-1-1161'>
				La Doña Carmen &#8211; pana amasado &#038; empanadas — Concepto, Creación de Logo, #Diseño Gráfico, Identidad Visual, Publicidad, #WebDesign — La Serena,CHILE www.ladonacarmen.cl﻿
				</dd></dl>
			<br style='clear: both' />
		</div>
