{"id":879,"date":"2020-07-25T14:07:00","date_gmt":"2020-07-25T14:07:00","guid":{"rendered":"https:\/\/www.eliasperkis.com\/bike\/?page_id=879"},"modified":"2020-07-25T14:13:26","modified_gmt":"2020-07-25T14:13:26","slug":"termos-e-condicoes","status":"publish","type":"page","link":"https:\/\/www.eliasperkis.com\/bike\/termos-e-condicoes\/","title":{"rendered":"Termos e Condi\u00e7\u00f5es"},"content":{"rendered":"<div id=\"pl-879\"  class=\"panel-layout\" ><div id=\"pg-879-0\"  class=\"panel-grid panel-no-style\" ><div id=\"pgc-879-0-0\"  class=\"panel-grid-cell\" ><div id=\"panel-879-0-0-0\" class=\"so-panel widget widget_sow-editor panel-first-child panel-last-child\" data-index=\"0\" ><div\n\t\t\t\n\t\t\tclass=\"so-widget-sow-editor so-widget-sow-editor-base\"\n\t\t\t\n\t\t>\n<div class=\"siteorigin-widget-tinymce textwidget\">\n\t<h1>\u2028Termos e Condi\u00e7\u00f5es<\/h1>\n<p>SE TIVER DE CANCELAR OU ALTERAR A SUA RESERVA<br \/>\nPara tentarmos ser o mais justos poss\u00edvel com os nossos clientes, damos-lhe a oportunidade de transferir a sua reserva\/voucher para outra data gratuita at\u00e9 5 dias antes do dia da sua aula. Quaisquer reservas que solicitem um reembolso fora do prazo de 5 dias ser\u00e3o recusadas.<br \/>\nNos 5 dias antes da sua aula n\u00e3o ser\u00e3o efectuados reembolsos em nenhuma circunst\u00e2ncia para reservas que sejam canceladas e os vales expirar\u00e3o.<\/p>\n<p>POR FAVOR, ESTEJA CIENTE DISTO QUANDO EFECTUAR A SUA RESERVA!<br \/>\nN\u00e3o h\u00e1 excep\u00e7\u00f5es a esta regra!<\/p>\n<p>SE TIVERMOS DE CANCELAR OU ALTERAR A SUA RESERVA<br \/>\nPor vezes, coisas que n\u00e3o podemos controlar como as condi\u00e7\u00f5es meteorol\u00f3gicas extremas ou por raz\u00f5es operacionais dar-nos-\u00e3o raz\u00f5es para cancelar a curto prazo. Durante os meses de Inverno, se as estradas forem demasiado perigosas para circular devido \u00e0 neve\/gelo ou se tivermos ventos fortes, ent\u00e3o teremos de cancelar devido a implica\u00e7\u00f5es de seguran\u00e7a.<\/p>\n<p>Tentaremos avis\u00e1-lo o mais cedo poss\u00edvel e transferiremos a sua reserva para outra data (n\u00e3o ser\u00e3o permitidos reembolsos). O RIDE SMARTER n\u00e3o assumir\u00e1 qualquer responsabilidade financeira por quaisquer outros custos incorridos para estes cancelamentos (por exemplo, custos de viagem\/custos de alojamento). Se o tempo fizer com que a aula termine cedo, o RIDE SMARTER poder\u00e1 oferecer outra data para que o resto da aula continue. O tempo decorrido da aula ser\u00e1 tido em conta.<\/p>\n<p>\u00c9 importante que o n\u00famero de contacto e o endere\u00e7o de e-mail deixados no momento da reserva sejam os detalhes correctos para o contactar, caso seja necess\u00e1rio cancela a aula. Se estiver previsto mau tempo, por favor verifique os seus e-mails e textos antes de partir. Pedimos tamb\u00e9m que os nomes de todos os cavaleiros do grupo sejam enviados para bike@eliasperkis.com ap\u00f3s a reserva ter sido feita. O RIDE SMARTER exige que TODOS os cavaleiros preencham o seu Formul\u00e1rio de Contacto e Par-Q. N\u00e3o \u00e9 responsabilidade do RIDE SMARTER assegurar que estes formul\u00e1rios sejam preenchidos, mas da pessoa que reserva a aula, os cavaleiros que n\u00e3o tenham preenchido os formul\u00e1rios exigidos n\u00e3o poder\u00e3o participar na aula e n\u00e3o ser\u00e1 dado qualquer reembolso.<\/p>\n<p>Por favor, note que a chuva n\u00e3o afecta os nossas aulas e n\u00e3o cancelaremos para estas condi\u00e7\u00f5es - por favor, assegure-se de que se veste adequadamente para as condi\u00e7\u00f5es e que a sua bicicleta est\u00e1 em boas condi\u00e7\u00f5es de funcionamento. Qualquer mec\u00e2nica da sua bicicleta ser\u00e1 retirada do seu tempo de curso e n\u00e3o ser\u00e1 adicionada.<\/p>\n<p>A RIDE SMARTER reserva-se o direito de alterar os seus Termos e Condi\u00e7\u00f5es a qualquer momento.<\/p>\n<\/div>\n<\/div><\/div><\/div><\/div><\/div>","protected":false},"excerpt":{"rendered":"<p>\u2028Termos e Condi\u00e7\u00f5es SE TIVER DE CANCELAR OU ALTERAR A SUA RESERVA Para tentarmos ser o mais justos poss\u00edvel com os nossos clientes, damos-lhe a oportunidade de transferir a sua reserva\/voucher para outra data gratuita at\u00e9 5 dias antes do dia da sua aula. Quaisquer reservas que solicitem um reembolso fora do prazo de 5 &hellip; <\/p>\n<p class=\"link-more\"><a href=\"https:\/\/www.eliasperkis.com\/bike\/termos-e-condicoes\/\" class=\"more-link\">Continue reading<span class=\"screen-reader-text\"> &#8220;Termos e Condi\u00e7\u00f5es&#8221;<\/span><\/a><\/p>\n","protected":false},"author":1,"featured_media":0,"parent":0,"menu_order":0,"comment_status":"closed","ping_status":"closed","template":"","meta":{"_monsterinsights_skip_tracking":false,"_monsterinsights_sitenote_active":false,"_monsterinsights_sitenote_note":"","_monsterinsights_sitenote_category":0,"footnotes":""},"class_list":["post-879","page","type-page","status-publish","hentry"],"aioseo_notices":[],"rttpg_featured_image_url":null,"rttpg_author":{"display_name":"eliasperkis","author_link":"https:\/\/www.eliasperkis.com\/bike\/author\/eliasperkis\/"},"rttpg_comment":0,"rttpg_category":" <a href=\"https:\/\/www.eliasperkis.com\/bike\/\" rel=\"tag\">Portugu\u00eas<\/a>","rttpg_excerpt":"\u2028Termos e Condi\u00e7\u00f5es SE TIVER DE CANCELAR OU ALTERAR A SUA RESERVA Para tentarmos ser o mais justos poss\u00edvel com os nossos clientes, damos-lhe a oportunidade de transferir a sua reserva\/voucher para outra data gratuita at\u00e9 5 dias antes do dia da sua aula. Quaisquer reservas que solicitem um reembolso fora do prazo de 5&hellip;","_links":{"self":[{"href":"https:\/\/www.eliasperkis.com\/bike\/wp-json\/wp\/v2\/pages\/879","targetHints":{"allow":["GET"]}}],"collection":[{"href":"https:\/\/www.eliasperkis.com\/bike\/wp-json\/wp\/v2\/pages"}],"about":[{"href":"https:\/\/www.eliasperkis.com\/bike\/wp-json\/wp\/v2\/types\/page"}],"author":[{"embeddable":true,"href":"https:\/\/www.eliasperkis.com\/bike\/wp-json\/wp\/v2\/users\/1"}],"replies":[{"embeddable":true,"href":"https:\/\/www.eliasperkis.com\/bike\/wp-json\/wp\/v2\/comments?post=879"}],"version-history":[{"count":3,"href":"https:\/\/www.eliasperkis.com\/bike\/wp-json\/wp\/v2\/pages\/879\/revisions"}],"predecessor-version":[{"id":884,"href":"https:\/\/www.eliasperkis.com\/bike\/wp-json\/wp\/v2\/pages\/879\/revisions\/884"}],"wp:attachment":[{"href":"https:\/\/www.eliasperkis.com\/bike\/wp-json\/wp\/v2\/media?parent=879"}],"curies":[{"name":"wp","href":"https:\/\/api.w.org\/{rel}","templated":true}]}}