{"id":489,"date":"2020-07-23T17:35:30","date_gmt":"2020-07-23T17:35:30","guid":{"rendered":"https:\/\/www.eliasperkis.com\/bike\/?page_id=489"},"modified":"2020-09-08T16:34:29","modified_gmt":"2020-09-08T16:34:29","slug":"acerca-de","status":"publish","type":"page","link":"https:\/\/www.eliasperkis.com\/bike\/es\/acerca-de\/","title":{"rendered":"Acerca de"},"content":{"rendered":"<div id=\"pl-489\"  class=\"panel-layout\" ><div id=\"pg-489-0\"  class=\"panel-grid panel-no-style\" ><div id=\"pgc-489-0-0\"  class=\"panel-grid-cell panel-grid-cell-empty\" ><\/div><\/div><div id=\"pg-489-1\"  class=\"panel-grid panel-no-style\" ><div id=\"pgc-489-1-0\"  class=\"panel-grid-cell\" ><div id=\"panel-489-1-0-0\" class=\"so-panel widget widget_sow-editor panel-first-child panel-last-child\" data-index=\"0\" ><div\n\t\t\t\n\t\t\tclass=\"so-widget-sow-editor so-widget-sow-editor-base\"\n\t\t\t\n\t\t>\n<div class=\"siteorigin-widget-tinymce textwidget\">\n\t<p><img loading=\"lazy\" decoding=\"async\" class=\"wp-image-305 aligncenter\" src=\"https:\/\/www.eliasperkis.com\/bike\/wp-content\/uploads\/2020\/07\/profile-3-300x300.png\" alt=\"\" width=\"200\" height=\"200\" \/><\/p>\n<div style=\"text-align: center;\">\n<p><strong>ELIAS PERKIS<\/strong><br \/>\n\"The Smart Cyclist\"<\/p>\n<\/div>\n<p style=\"text-align: center;\">Mi nombre es<strong> Elias Perkis<\/strong>, m\u00e1s conocido como \"El Ciclista Inteligente\", un eterno curioso del mundo que nos rodea, apasionado por el conocimiento y la ense\u00f1anza. Con formaci\u00f3n profesional en Dise\u00f1o Gr\u00e1fico y Publicidad, he compartido por m\u00e1s de 15 a\u00f1os mi vocaci\u00f3n de artista y comunicador con mi gran hobby, el Ciclismo de Monta\u00f1a.<\/p>\n<p style=\"text-align: center;\">Por a\u00f1os, mi participaci\u00f3n en la creaci\u00f3n de Estudios de Entrenamiento Funcional, la contribuci\u00f3n con el departamento de marketing de prestigiosas marcas de bicicletas y la colaboraci\u00f3n con tiendas de ciclismo locales, la participaci\u00f3n en innumerables competiciones y grupos de ciclismo, me han transformado en un ciclista mucho m\u00e1s completo y poseedor de un amplio conocimiento en lo que se refiere este apasionante deporte.<\/p>\n<p style=\"text-align: center;\">Disfruto de todos los aspectos de la ense\u00f1anza y el ciclismo. Paso mucho tiempo planificando nuevas ideas para ofrecer a mis alumnos el desenvolvimiento de mejores y m\u00e1s seguros h\u00e1bitos de ciclismo para disfrutar de todo el potencial de sus bicicletas, su cuerpo y su equipamiento.<\/p>\n<p style=\"text-align: center;\"><em>\"A cada d\u00eda, lugar y momento, surgen preguntas, dudas y sentimientos que crean obst\u00e1culos para nuestras bicicletas y nuestra felicidad.\"<\/em><\/p>\n<p style=\"text-align: center;\">\u00bfMi prop\u00f3sito? Ampliar sus conocimientos, fortalecer sus habilidades y autoconfianza, promoviendo as\u00ed cambios positivos en su d\u00eda a d\u00eda en pro de su bienestar f\u00edsico y mental. \u00bfMi objetivo? Responder a sus preguntas, aclarar dudas, disipar miedos y superar todos los obst\u00e1culos, permiti\u00e9ndole as\u00ed descubrir la naturaleza fascinante de este deporte, sus cualidades y m\u00faltiples beneficios.<\/p>\n<p><img loading=\"lazy\" decoding=\"async\" class=\"size-medium wp-image-298 aligncenter\" src=\"https:\/\/www.eliasperkis.com\/bike\/wp-content\/uploads\/2020\/07\/eliasperkis-signature-300x87.png\" alt=\"\" width=\"300\" height=\"87\" \/><\/p>\n<\/div>\n<\/div><\/div><\/div><\/div><\/div>","protected":false},"excerpt":{"rendered":"<p>ELIAS PERKIS &#8220;The Smart Cyclist&#8221; Mi nombre es Elias Perkis, m\u00e1s conocido como &#8220;El Ciclista Inteligente&#8221;, un eterno curioso del mundo que nos rodea, apasionado por el conocimiento y la ense\u00f1anza. Con formaci\u00f3n profesional en Dise\u00f1o Gr\u00e1fico y Publicidad, he compartido por m\u00e1s de 15 a\u00f1os mi vocaci\u00f3n de artista y comunicador con mi gran &hellip; <\/p>\n<p class=\"link-more\"><a href=\"https:\/\/www.eliasperkis.com\/bike\/es\/acerca-de\/\" class=\"more-link\">Continue reading<span class=\"screen-reader-text\"> &#8220;Acerca de&#8221;<\/span><\/a><\/p>\n","protected":false},"author":1,"featured_media":1288,"parent":0,"menu_order":0,"comment_status":"closed","ping_status":"closed","template":"","meta":{"_monsterinsights_skip_tracking":false,"_monsterinsights_sitenote_active":false,"_monsterinsights_sitenote_note":"","_monsterinsights_sitenote_category":0,"footnotes":""},"class_list":["post-489","page","type-page","status-publish","has-post-thumbnail","hentry"],"aioseo_notices":[],"rttpg_featured_image_url":{"full":["https:\/\/www.eliasperkis.com\/bike\/wp-content\/uploads\/2020\/08\/887132_10200867909159239_1170975952_o.jpg",1400,777,false],"landscape":["https:\/\/www.eliasperkis.com\/bike\/wp-content\/uploads\/2020\/08\/887132_10200867909159239_1170975952_o.jpg",1400,777,false],"portraits":["https:\/\/www.eliasperkis.com\/bike\/wp-content\/uploads\/2020\/08\/887132_10200867909159239_1170975952_o.jpg",1400,777,false],"thumbnail":["https:\/\/www.eliasperkis.com\/bike\/wp-content\/uploads\/2020\/08\/887132_10200867909159239_1170975952_o-150x150.jpg",150,150,true],"medium":["https:\/\/www.eliasperkis.com\/bike\/wp-content\/uploads\/2020\/08\/887132_10200867909159239_1170975952_o-300x167.jpg",300,167,true],"large":["https:\/\/www.eliasperkis.com\/bike\/wp-content\/uploads\/2020\/08\/887132_10200867909159239_1170975952_o-1024x568.jpg",525,291,true],"1536x1536":["https:\/\/www.eliasperkis.com\/bike\/wp-content\/uploads\/2020\/08\/887132_10200867909159239_1170975952_o.jpg",1400,777,false],"2048x2048":["https:\/\/www.eliasperkis.com\/bike\/wp-content\/uploads\/2020\/08\/887132_10200867909159239_1170975952_o.jpg",1400,777,false],"twentyseventeen-featured-image":["https:\/\/www.eliasperkis.com\/bike\/wp-content\/uploads\/2020\/08\/887132_10200867909159239_1170975952_o.jpg",1400,777,false],"twentyseventeen-thumbnail-avatar":["https:\/\/www.eliasperkis.com\/bike\/wp-content\/uploads\/2020\/08\/887132_10200867909159239_1170975952_o-100x100.jpg",100,100,true],"sow-carousel-default":["https:\/\/www.eliasperkis.com\/bike\/wp-content\/uploads\/2020\/08\/887132_10200867909159239_1170975952_o-272x182.jpg",272,182,true]},"rttpg_author":{"display_name":"eliasperkis","author_link":"https:\/\/www.eliasperkis.com\/bike\/author\/eliasperkis\/"},"rttpg_comment":0,"rttpg_category":" <a href=\"https:\/\/www.eliasperkis.com\/bike\/es\/\" rel=\"tag\">Espa\u00f1ol<\/a>","rttpg_excerpt":"ELIAS PERKIS \"The Smart Cyclist\" Mi nombre es Elias Perkis, m\u00e1s conocido como \"El Ciclista Inteligente\", un eterno curioso del mundo que nos rodea, apasionado por el conocimiento y la ense\u00f1anza. Con formaci\u00f3n profesional en Dise\u00f1o Gr\u00e1fico y Publicidad, he compartido por m\u00e1s de 15 a\u00f1os mi vocaci\u00f3n de artista y comunicador con mi gran&hellip;","_links":{"self":[{"href":"https:\/\/www.eliasperkis.com\/bike\/wp-json\/wp\/v2\/pages\/489","targetHints":{"allow":["GET"]}}],"collection":[{"href":"https:\/\/www.eliasperkis.com\/bike\/wp-json\/wp\/v2\/pages"}],"about":[{"href":"https:\/\/www.eliasperkis.com\/bike\/wp-json\/wp\/v2\/types\/page"}],"author":[{"embeddable":true,"href":"https:\/\/www.eliasperkis.com\/bike\/wp-json\/wp\/v2\/users\/1"}],"replies":[{"embeddable":true,"href":"https:\/\/www.eliasperkis.com\/bike\/wp-json\/wp\/v2\/comments?post=489"}],"version-history":[{"count":64,"href":"https:\/\/www.eliasperkis.com\/bike\/wp-json\/wp\/v2\/pages\/489\/revisions"}],"predecessor-version":[{"id":2523,"href":"https:\/\/www.eliasperkis.com\/bike\/wp-json\/wp\/v2\/pages\/489\/revisions\/2523"}],"wp:featuredmedia":[{"embeddable":true,"href":"https:\/\/www.eliasperkis.com\/bike\/wp-json\/wp\/v2\/media\/1288"}],"wp:attachment":[{"href":"https:\/\/www.eliasperkis.com\/bike\/wp-json\/wp\/v2\/media?parent=489"}],"curies":[{"name":"wp","href":"https:\/\/api.w.org\/{rel}","templated":true}]}}